{"id":349,"date":"2019-10-07T10:07:32","date_gmt":"2019-10-07T10:07:32","guid":{"rendered":"https:\/\/gartenstadtgaerten.ch\/?page_id=349"},"modified":"2020-12-30T15:16:12","modified_gmt":"2020-12-30T15:16:12","slug":"galerie","status":"publish","type":"page","link":"https:\/\/gartenstadtgaerten.ch\/","title":{"rendered":"P\u00fcnte \/ Schrebergarten- gemeinsam nachhaltig Anbauen"},"content":{"rendered":"\n<div class=\"wp-block-image\"><figure class=\"aligncenter size-medium is-resized\"><img loading=\"lazy\" decoding=\"async\" src=\"https:\/\/gartenstadtgaerten.ch\/wp-content\/uploads\/2020\/12\/IMG_3801-300x225.jpg\" alt=\"\" class=\"wp-image-480\" width=\"304\" height=\"228\" srcset=\"https:\/\/gartenstadtgaerten.ch\/wp-content\/uploads\/2020\/12\/IMG_3801-300x225.jpg 300w, https:\/\/gartenstadtgaerten.ch\/wp-content\/uploads\/2020\/12\/IMG_3801-1024x768.jpg 1024w, https:\/\/gartenstadtgaerten.ch\/wp-content\/uploads\/2020\/12\/IMG_3801-768x576.jpg 768w, https:\/\/gartenstadtgaerten.ch\/wp-content\/uploads\/2020\/12\/IMG_3801-1536x1152.jpg 1536w, https:\/\/gartenstadtgaerten.ch\/wp-content\/uploads\/2020\/12\/IMG_3801-2048x1536.jpg 2048w\" sizes=\"auto, (max-width: 304px) 100vw, 304px\" \/><\/figure><\/div>\n\n\n\n<p><\/p>\n\n\n\n<p>Du wohnst in Winterthur und m\u00f6chtest gerne mit anderen Menschen g\u00e4rtnern? Dann w\u00e4rst du richtig bei uns. Wir sind ein Verein mit 2 Gemeinschaftsg\u00e4rten, einem im Quartier B\u00fcel und einem im Mattenbach Quartier. Wir bauen unsere eigenen nachhaltigen und \u00f6kologischen Beeren, Fr\u00fcchte und Gem\u00fcse an. Wir treffen uns regelm\u00e4ssig um die anstehenden Aussaaten, Setzlinge f\u00fcr den Eigengebrauch, die Pflege der Beete, sowie die Ernte zusammen durchzuf\u00fchren. Dies erm\u00f6glicht uns das Wissen zum Pflanzenbau unter den Mitgliedern zu teilen, denn auch Anf\u00e4nger sind bei uns herzlich Willkommen. Der Fokus der verschiedenen Mitglieder ist unterschiedlich, manche m\u00f6chten etwas zur Biodiversit\u00e4t beitragen, andere freuen sich prim\u00e4r \u00fcber das eigene Gem\u00fcse, auch der Anbau seltener Gem\u00fcsesorten von Pro Spezia Rara ist ein Thema.<\/p>\n\n\n\n<p>Alle k\u00f6nnen sich einbringen und wir entscheiden als Gruppe, welche Projekte wir angehen und wof\u00fcr wir Kapazit\u00e4t haben.&nbsp;<\/p>\n\n\n\n<p>Regelm\u00e4ssige Aufgaben wie das Giessen k\u00f6nnen wir so auf mehrere Personen verteilen, wodurch man selber nicht t\u00e4glich im Garten vorbeischauen muss und auch Ferienabwesenheiten k\u00f6nnen so abgefedert werden.&nbsp;<\/p>\n\n\n\n<p>Haben wir dein Interesse geweckt? Gerne kannst du uns unter info(at)gartenstadtgaerten.ch oder \u00fcber die jeweiligen Gemeinschaftsg\u00e4rten kontaktieren.<\/p>\n\n\n\n<figure class=\"wp-block-gallery columns-2 is-cropped wp-block-gallery-1 is-layout-flex wp-block-gallery-is-layout-flex\"><ul class=\"blocks-gallery-grid\"><li class=\"blocks-gallery-item\"><figure><img loading=\"lazy\" decoding=\"async\" width=\"1024\" height=\"768\" src=\"https:\/\/gartenstadtgaerten.ch\/wp-content\/uploads\/2020\/12\/IMG_3804-1-1024x768.jpg\" alt=\"\" data-id=\"481\" data-full-url=\"https:\/\/gartenstadtgaerten.ch\/wp-content\/uploads\/2020\/12\/IMG_3804-1-scaled.jpg\" data-link=\"https:\/\/gartenstadtgaerten.ch\/?attachment_id=481\" class=\"wp-image-481\" srcset=\"https:\/\/gartenstadtgaerten.ch\/wp-content\/uploads\/2020\/12\/IMG_3804-1-1024x768.jpg 1024w, https:\/\/gartenstadtgaerten.ch\/wp-content\/uploads\/2020\/12\/IMG_3804-1-300x225.jpg 300w, https:\/\/gartenstadtgaerten.ch\/wp-content\/uploads\/2020\/12\/IMG_3804-1-768x576.jpg 768w, https:\/\/gartenstadtgaerten.ch\/wp-content\/uploads\/2020\/12\/IMG_3804-1-1536x1152.jpg 1536w, https:\/\/gartenstadtgaerten.ch\/wp-content\/uploads\/2020\/12\/IMG_3804-1-2048x1536.jpg 2048w\" sizes=\"auto, (max-width: 1024px) 100vw, 1024px\" \/><\/figure><\/li><li class=\"blocks-gallery-item\"><figure><img loading=\"lazy\" decoding=\"async\" width=\"1024\" height=\"768\" src=\"https:\/\/gartenstadtgaerten.ch\/wp-content\/uploads\/2020\/12\/IMG_3873-1024x768.jpg\" alt=\"\" data-id=\"485\" data-full-url=\"https:\/\/gartenstadtgaerten.ch\/wp-content\/uploads\/2020\/12\/IMG_3873-scaled.jpg\" data-link=\"https:\/\/gartenstadtgaerten.ch\/?attachment_id=485\" class=\"wp-image-485\" srcset=\"https:\/\/gartenstadtgaerten.ch\/wp-content\/uploads\/2020\/12\/IMG_3873-1024x768.jpg 1024w, https:\/\/gartenstadtgaerten.ch\/wp-content\/uploads\/2020\/12\/IMG_3873-300x225.jpg 300w, https:\/\/gartenstadtgaerten.ch\/wp-content\/uploads\/2020\/12\/IMG_3873-768x576.jpg 768w, https:\/\/gartenstadtgaerten.ch\/wp-content\/uploads\/2020\/12\/IMG_3873-1536x1152.jpg 1536w, https:\/\/gartenstadtgaerten.ch\/wp-content\/uploads\/2020\/12\/IMG_3873-2048x1536.jpg 2048w\" sizes=\"auto, (max-width: 1024px) 100vw, 1024px\" \/><\/figure><\/li><\/ul><\/figure>\n","protected":false},"excerpt":{"rendered":"<p>Du wohnst in Winterthur und m\u00f6chtest gerne mit anderen Menschen g\u00e4rtnern? Dann w\u00e4rst du richtig bei uns. Wir sind ein Verein mit 2 Gemeinschaftsg\u00e4rten, einem im Quartier B\u00fcel und einem im Mattenbach Quartier. Wir bauen unsere eigenen nachhaltigen und \u00f6kologischen Beeren, Fr\u00fcchte und Gem\u00fcse an. Wir treffen uns regelm\u00e4ssig um die anstehenden Aussaaten, Setzlinge f\u00fcr &hellip; <a href=\"https:\/\/gartenstadtgaerten.ch\/\" class=\"more-link\"><span class=\"screen-reader-text\">P\u00fcnte \/ Schrebergarten- gemeinsam nachhaltig Anbauen<\/span> weiterlesen <span class=\"meta-nav\">&rarr;<\/span><\/a><\/p>\n","protected":false},"author":1,"featured_media":0,"parent":0,"menu_order":1,"comment_status":"closed","ping_status":"closed","template":"","meta":{"footnotes":""},"class_list":["post-349","page","type-page","status-publish","hentry"],"_links":{"self":[{"href":"https:\/\/gartenstadtgaerten.ch\/index.php?rest_route=\/wp\/v2\/pages\/349","targetHints":{"allow":["GET"]}}],"collection":[{"href":"https:\/\/gartenstadtgaerten.ch\/index.php?rest_route=\/wp\/v2\/pages"}],"about":[{"href":"https:\/\/gartenstadtgaerten.ch\/index.php?rest_route=\/wp\/v2\/types\/page"}],"author":[{"embeddable":true,"href":"https:\/\/gartenstadtgaerten.ch\/index.php?rest_route=\/wp\/v2\/users\/1"}],"replies":[{"embeddable":true,"href":"https:\/\/gartenstadtgaerten.ch\/index.php?rest_route=%2Fwp%2Fv2%2Fcomments&post=349"}],"version-history":[{"count":5,"href":"https:\/\/gartenstadtgaerten.ch\/index.php?rest_route=\/wp\/v2\/pages\/349\/revisions"}],"predecessor-version":[{"id":486,"href":"https:\/\/gartenstadtgaerten.ch\/index.php?rest_route=\/wp\/v2\/pages\/349\/revisions\/486"}],"wp:attachment":[{"href":"https:\/\/gartenstadtgaerten.ch\/index.php?rest_route=%2Fwp%2Fv2%2Fmedia&parent=349"}],"curies":[{"name":"wp","href":"https:\/\/api.w.org\/{rel}","templated":true}]}}

Pünte / Schrebergarten- gemeinsam nachhaltig Anbauen

<div class="wp-block-image"><figure class="aligncenter size-medium is-resized"><img loading="lazy" decoding="async" src="https://gartenstadtgaerten.ch/wp-content/uploads/2020/12/IMG_3801-300x225.jpg" alt="" class="wp-image-480" width="304" height="228" srcset="https://gartenstadtgaerten.ch/wp-content/uploads/2020/12/IMG_3801-300x225.jpg 300w, https://gartenstadtgaerten.ch/wp-content/uploads/2020/12/IMG_3801-1024x768.jpg 1024w, https://gartenstadtgaerten.ch/wp-content/uploads/2020/12/IMG_3801-768x576.jpg 768w, https://gartenstadtgaerten.ch/wp-content/uploads/2020/12/IMG_3801-1536x1152.jpg 1536w, https://gartenstadtgaerten.ch/wp-content/uploads/2020/12/IMG_3801-2048x1536.jpg 2048w" sizes="auto, (max-width: 304px) 100vw, 304px" /></figure></div>



<p></p>



<p>Du wohnst in Winterthur und möchtest gerne mit anderen Menschen gärtnern? Dann wärst du richtig bei uns. Wir sind ein Verein mit 2 Gemeinschaftsgärten, einem im Quartier Büel und einem im Mattenbach Quartier. Wir bauen unsere eigenen nachhaltigen und ökologischen Beeren, Früchte und Gemüse an. Wir treffen uns regelmässig um die anstehenden Aussaaten, Setzlinge für den Eigengebrauch, die Pflege der Beete, sowie die Ernte zusammen durchzuführen. Dies ermöglicht uns das Wissen zum Pflanzenbau unter den Mitgliedern zu teilen, denn auch Anfänger sind bei uns herzlich Willkommen. Der Fokus der verschiedenen Mitglieder ist unterschiedlich, manche möchten etwas zur Biodiversität beitragen, andere freuen sich primär über das eigene Gemüse, auch der Anbau seltener Gemüsesorten von Pro Spezia Rara ist ein Thema.</p>



<p>Alle können sich einbringen und wir entscheiden als Gruppe, welche Projekte wir angehen und wofür wir Kapazität haben.&nbsp;</p>



<p>Regelmässige Aufgaben wie das Giessen können wir so auf mehrere Personen verteilen, wodurch man selber nicht täglich im Garten vorbeischauen muss und auch Ferienabwesenheiten können so abgefedert werden.&nbsp;</p>



<p>Haben wir dein Interesse geweckt? Gerne kannst du uns unter info(at)gartenstadtgaerten.ch oder über die jeweiligen Gemeinschaftsgärten kontaktieren.</p>



<figure class="wp-block-gallery columns-2 is-cropped wp-block-gallery-1 is-layout-flex wp-block-gallery-is-layout-flex"><ul class="blocks-gallery-grid"><li class="blocks-gallery-item"><figure><img loading="lazy" decoding="async" width="1024" height="768" src="https://gartenstadtgaerten.ch/wp-content/uploads/2020/12/IMG_3804-1-1024x768.jpg" alt="" data-id="481" data-full-url="https://gartenstadtgaerten.ch/wp-content/uploads/2020/12/IMG_3804-1-scaled.jpg" data-link="https://gartenstadtgaerten.ch/?attachment_id=481" class="wp-image-481" srcset="https://gartenstadtgaerten.ch/wp-content/uploads/2020/12/IMG_3804-1-1024x768.jpg 1024w, https://gartenstadtgaerten.ch/wp-content/uploads/2020/12/IMG_3804-1-300x225.jpg 300w, https://gartenstadtgaerten.ch/wp-content/uploads/2020/12/IMG_3804-1-768x576.jpg 768w, https://gartenstadtgaerten.ch/wp-content/uploads/2020/12/IMG_3804-1-1536x1152.jpg 1536w, https://gartenstadtgaerten.ch/wp-content/uploads/2020/12/IMG_3804-1-2048x1536.jpg 2048w" sizes="auto, (max-width: 1024px) 100vw, 1024px" /></figure></li><li class="blocks-gallery-item"><figure><img loading="lazy" decoding="async" width="1024" height="768" src="https://gartenstadtgaerten.ch/wp-content/uploads/2020/12/IMG_3873-1024x768.jpg" alt="" data-id="485" data-full-url="https://gartenstadtgaerten.ch/wp-content/uploads/2020/12/IMG_3873-scaled.jpg" data-link="https://gartenstadtgaerten.ch/?attachment_id=485" class="wp-image-485" srcset="https://gartenstadtgaerten.ch/wp-content/uploads/2020/12/IMG_3873-1024x768.jpg 1024w, https://gartenstadtgaerten.ch/wp-content/uploads/2020/12/IMG_3873-300x225.jpg 300w, https://gartenstadtgaerten.ch/wp-content/uploads/2020/12/IMG_3873-768x576.jpg 768w, https://gartenstadtgaerten.ch/wp-content/uploads/2020/12/IMG_3873-1536x1152.jpg 1536w, https://gartenstadtgaerten.ch/wp-content/uploads/2020/12/IMG_3873-2048x1536.jpg 2048w" sizes="auto, (max-width: 1024px) 100vw, 1024px" /></figure></li></ul></figure>

<p>Du wohnst in Winterthur und möchtest gerne mit anderen Menschen gärtnern? Dann wärst du richtig bei uns. Wir sind ein Verein mit 2 Gemeinschaftsgärten, einem im Quartier Büel und einem im Mattenbach Quartier. Wir bauen unsere eigenen nachhaltigen und ökologischen Beeren, Früchte und Gemüse an. Wir treffen uns regelmässig um die anstehenden Aussaaten, Setzlinge für &hellip; <a href="https://gartenstadtgaerten.ch/" class="more-link"><span class="screen-reader-text">Pünte / Schrebergarten- gemeinsam nachhaltig Anbauen</span> weiterlesen <span class="meta-nav">&rarr;</span></a></p>
